{"id":2,"date":"2019-10-24T20:02:38","date_gmt":"2019-10-24T23:02:38","guid":{"rendered":"https:\/\/www.armazemdaspalavras.com.br\/?page_id=2"},"modified":"2025-03-30T15:44:56","modified_gmt":"2025-03-30T18:44:56","slug":"revisaotexto","status":"publish","type":"page","link":"https:\/\/www.armazemdaspalavras.com.br\/index.php\/fale-conosco\/revisaotexto\/","title":{"rendered":"Revis\u00e3o de Texto"},"content":{"rendered":"\n<h2 class=\"wp-block-heading has-text-color\" style=\"color:#484848\">Voc\u00ea \u00e9 especialista no assunto. N\u00f3s, especialistas em palavras!<\/h2>\n\n\n\n<p class=\"has-text-color\" style=\"color:#484848\"><b>O que \u00e9?<\/b><\/p>\n\n\n\n<p class=\"has-text-color\" style=\"color:#484848\">A revis\u00e3o de texto consiste em uma an\u00e1lise minuciosa do conte\u00fado (que pode ser livro ou trabalho acad\u00eamico, como TCC, tese, artigo etc.) que tem por objetivo a corre\u00e7\u00e3o ortogr\u00e1fica e gramatical, analisando poss\u00edveis problemas de coer\u00eancia e coes\u00e3o, que eventualmente n\u00e3o foram notados por quem escreveu. Na revis\u00e3o fica mantido o estilo do autor, e por isso ao final do servi\u00e7o sempre s\u00e3o entregues duas vers\u00f5es do arquivo revisado: a primeira mostra cada altera\u00e7\u00e3o feita e, a segunda, \u00e9 uma vers\u00e3o final, sem os rabiscos de revis\u00e3o. Desta forma, o cliente se mant\u00e9m integralmente no controle do seu texto, mesmo depois de editado.<\/p>\n\n\n\n<p class=\"has-text-color\" style=\"color:#484848\">A revis\u00e3o de texto engloba <u>edi\u00e7\u00e3o<\/u> (por exemplo, problemas com siglas, repeti\u00e7\u00e3o de palavras etc.), <u>formata\u00e7\u00e3o<\/u> (como sum\u00e1rio e pagina\u00e7\u00e3o, al\u00e9m de quest\u00f5es relacionadas a margens e espa\u00e7amentos), ajuste de bibliografia consultada, quando houver (com adequa\u00e7\u00e3o \u00e0 <u>ABNT<\/u> ou outra Norma especificada) e ainda damos bons conselhos!<\/p>\n\n\n\n<p class=\"has-text-color\" style=\"color:#484848\"><b style=\"text-indent: 0cm; color: var( --e-global-color-text ); font-family: var( --e-global-typography-text-font-family ), Sans-serif;\">Para que serve?<\/b><\/p>\n\n\n\n<p class=\"has-text-color\" style=\"color:#484848\">A revis\u00e3o serve para corrigir o texto, padronizando-o integralmente, tornando-o adequado para o fim a que se destina. Um texto bem escrito transmite melhor a ideia que se pretende transmitir, e o contr\u00e1rio tamb\u00e9m vale.<\/p>\n\n\n\n<p class=\"has-text-color\" style=\"color:#484848\">Voc\u00ea \u00e9 o especialista no assunto! N\u00f3s, especialistas em palavras!<\/p>\n\n\n\n<p class=\"has-text-color\" style=\"color:#484848\"><b style=\"text-indent: 0cm; color: var( --e-global-color-text ); font-family: var( --e-global-typography-text-font-family ), Sans-serif;\">Como funciona?<\/b><\/p>\n\n\n\n<p class=\"has-text-color\" style=\"color:#484848\">Voc\u00ea envia o original em formato doc. para que seja feito o or\u00e7amento. Nossos valores s\u00e3o calculados sobre a p\u00e1gina escrita, tamanho A5 (14,8 x 21 cm), para o caso de livros, e A4 (21 x 29,7 cm) quando referentes a trabalhos acad\u00eamicos (e demais textos, como site, revista, post de m\u00eddias sociais etc.). Ap\u00f3s an\u00e1lise, o or\u00e7amento \u00e9 enviado para o seu e-mail, junto com o prazo para a realiza\u00e7\u00e3o do servi\u00e7o. Ao ser aprovado, a revis\u00e3o de texto \u00e9 iniciada e o pagamento \u00e9 feito com a entrega do trabalho.<\/p>\n\n\n\n<p class=\"has-text-color\" style=\"color:#484848\">Ao final, voc\u00ea recebe duas vers\u00f5es do texto e um e-mail detalhado com as principais quest\u00f5es observadas no processo de revis\u00e3o, e demais observa\u00e7\u00f5es oportunas.<\/p>\n\n\n\n<div class=\"wp-block-group has-text-color is-layout-constrained\" style=\"color:#484848\"><div class=\"wp-block-group__inner-container\">\n<p class=\"has-text-color\" style=\"color:#484848\"><b style=\"text-indent: 0cm; color: var( --e-global-color-text ); font-family: var( --e-global-typography-text-font-family ), Sans-serif;\">O que n\u00e3o posso esquecer?<\/b><\/p>\n<\/div><\/div>\n\n\n\n<p class=\"has-text-color\" style=\"color:#484848\">Lembre-se que, por englobar tamb\u00e9m a edi\u00e7\u00e3o, as sugest\u00f5es e altera\u00e7\u00f5es propostas na revis\u00e3o n\u00e3o precisam obrigatoriamente ser aceitas! Voc\u00ea sempre ter\u00e1 o completo dom\u00ednio sobre o seu texto, inclusive acatando (ou n\u00e3o) \u00e0s sugest\u00f5es de melhoria propostas.<\/p>\n\n\n\n<p class=\"has-text-color\" style=\"color:#484848\"><b style=\"text-indent: 0cm; color: var( --e-global-color-text ); font-family: var( --e-global-typography-text-font-family ), Sans-serif;\">Por que devo contratar uma revis\u00e3o para meu texto?<\/b><\/p>\n\n\n\n<p class=\"has-text-color\" style=\"color:#484848\">Ter um texto revisado, coerente e sem falhas gramaticais \u00e9 fundamental para se diferenciar no mundo em que vivemos, onde erros podem provocar at\u00e9 a desist\u00eancia da leitura. No caso de trabalhos acad\u00eamicos, \u00e9 comum que ap\u00f3s a defesa\/apresenta\u00e7\u00e3o a Banca Examinadora recomende esse servi\u00e7o (ent\u00e3o o ideal \u00e9 apresentar j\u00e1 um trabalho final \u201cvers\u00e3o final\u201d.<\/p>\n\n\n\n<p class=\"has-text-color\" style=\"color:#484848\"><b style=\"text-indent: 0cm; color: var( --e-global-color-text ); font-family: var( --e-global-typography-text-font-family ), Sans-serif;\">Qual o valor do investimento?<\/b><\/p>\n\n\n\n<p class=\"has-text-color\" style=\"color:#484848\">Todos os valores s\u00e3o calculados conforme a fluidez do texto. Nossa l\u00f3gica \u00e9: quanto mais r\u00e1pido entregamos o servi\u00e7o, menos ser\u00e1 cobrado. Temos pre\u00e7os m\u00e9dios conforme o tipo de revis\u00e3o executada (livros ou trabalhos acad\u00eamicos), que podem oscilar para mais ou para menos. Pe\u00e7a um or\u00e7amento e se surpreenda!<\/p>\n\n\n\n<p class=\"has-text-color\" style=\"color:#484848\">Em tempos de intelig\u00eancia artificial, vale dizer: revis\u00e3o humana tem valor inigual\u00e1vel. Apenas uma pessoa capacitada e experiente consegue captar contexto, inten\u00e7\u00e3o e nuances que m\u00e1quinas n\u00e3o s\u00e3o capazes.<\/p>\n\n\n\n<div class=\"wp-block-buttons has-custom-font-size has-small-font-size is-layout-flex\" id=\"https:\/\/wa.me\/5519981874755\">\n<div class=\"wp-block-button\"><a class=\"wp-block-button__link wp-element-button\" href=\"https:\/\/wa.me\/5519981874755\" target=\"_blank\" rel=\"noreferrer noopener\">Fale conosco!<\/a><\/div>\n<\/div>\n","protected":false},"excerpt":{"rendered":"<p>Voc\u00ea \u00e9 especialista no assunto. N\u00f3s, especialistas em palavras! O que \u00e9? A revis\u00e3o de texto consiste em uma an\u00e1lise minuciosa do conte\u00fado (que pode ser livro ou trabalho acad\u00eamico, como TCC, tese, artigo etc.) que tem por objetivo a corre\u00e7\u00e3o ortogr\u00e1fica e gramatical, analisando poss\u00edveis problemas de coer\u00eancia e coes\u00e3o, que eventualmente n\u00e3o foram&hellip; <br \/> <a class=\"read-more\" href=\"https:\/\/www.armazemdaspalavras.com.br\/index.php\/fale-conosco\/revisaotexto\/\">Leia mais<\/a><\/p>\n","protected":false},"author":1,"featured_media":0,"parent":257,"menu_order":0,"comment_status":"closed","ping_status":"open","template":"","meta":{"_joinchat":[]},"yoast_head":"<!-- This site is optimized with the Yoast SEO plugin v21.4 - https:\/\/yoast.com\/wordpress\/plugins\/seo\/ -->\n<title>Revis\u00e3o de Texto - Armaz\u00e9m das Palavras<\/title>\n<meta name=\"robots\" content=\"index, follow, max-snippet:-1, max-image-preview:large, max-video-preview:-1\" \/>\n<link rel=\"canonical\" href=\"https:\/\/www.armazemdaspalavras.com.br\/index.php\/fale-conosco\/revisaotexto\/\" \/>\n<meta property=\"og:locale\" content=\"pt_BR\" \/>\n<meta property=\"og:type\" content=\"article\" \/>\n<meta property=\"og:title\" content=\"Revis\u00e3o de Texto - Armaz\u00e9m das Palavras\" \/>\n<meta property=\"og:description\" content=\"Voc\u00ea \u00e9 especialista no assunto. N\u00f3s, especialistas em palavras! O que \u00e9? A revis\u00e3o de texto consiste em uma an\u00e1lise minuciosa do conte\u00fado (que pode ser livro ou trabalho acad\u00eamico, como TCC, tese, artigo etc.) que tem por objetivo a corre\u00e7\u00e3o ortogr\u00e1fica e gramatical, analisando poss\u00edveis problemas de coer\u00eancia e coes\u00e3o, que eventualmente n\u00e3o foram&hellip; Leia mais\" \/>\n<meta property=\"og:url\" content=\"https:\/\/www.armazemdaspalavras.com.br\/index.php\/fale-conosco\/revisaotexto\/\" \/>\n<meta property=\"og:site_name\" content=\"Armaz\u00e9m das Palavras\" \/>\n<meta property=\"article:modified_time\" content=\"2025-03-30T18:44:56+00:00\" \/>\n<meta name=\"twitter:card\" content=\"summary_large_image\" \/>\n<meta name=\"twitter:label1\" content=\"Est. tempo de leitura\" \/>\n\t<meta name=\"twitter:data1\" content=\"3 minutos\" \/>\n<script type=\"application\/ld+json\" class=\"yoast-schema-graph\">{\"@context\":\"https:\/\/schema.org\",\"@graph\":[{\"@type\":\"WebPage\",\"@id\":\"https:\/\/www.armazemdaspalavras.com.br\/index.php\/fale-conosco\/revisaotexto\/\",\"url\":\"https:\/\/www.armazemdaspalavras.com.br\/index.php\/fale-conosco\/revisaotexto\/\",\"name\":\"Revis\u00e3o de Texto - Armaz\u00e9m das Palavras\",\"isPartOf\":{\"@id\":\"https:\/\/www.armazemdaspalavras.com.br\/#website\"},\"datePublished\":\"2019-10-24T23:02:38+00:00\",\"dateModified\":\"2025-03-30T18:44:56+00:00\",\"breadcrumb\":{\"@id\":\"https:\/\/www.armazemdaspalavras.com.br\/index.php\/fale-conosco\/revisaotexto\/#breadcrumb\"},\"inLanguage\":\"pt-BR\",\"potentialAction\":[{\"@type\":\"ReadAction\",\"target\":[\"https:\/\/www.armazemdaspalavras.com.br\/index.php\/fale-conosco\/revisaotexto\/\"]}]},{\"@type\":\"BreadcrumbList\",\"@id\":\"https:\/\/www.armazemdaspalavras.com.br\/index.php\/fale-conosco\/revisaotexto\/#breadcrumb\",\"itemListElement\":[{\"@type\":\"ListItem\",\"position\":1,\"name\":\"In\u00edcio\",\"item\":\"https:\/\/www.armazemdaspalavras.com.br\/\"},{\"@type\":\"ListItem\",\"position\":2,\"name\":\"Fale conosco\",\"item\":\"https:\/\/www.armazemdaspalavras.com.br\/index.php\/fale-conosco\/\"},{\"@type\":\"ListItem\",\"position\":3,\"name\":\"Revis\u00e3o de Texto\"}]},{\"@type\":\"WebSite\",\"@id\":\"https:\/\/www.armazemdaspalavras.com.br\/#website\",\"url\":\"https:\/\/www.armazemdaspalavras.com.br\/\",\"name\":\"Revis\u00e3o de textos - Armaz\u00e9m das Palavras\",\"description\":\"Revis\u00e3o e edi\u00e7\u00e3o de textos\",\"publisher\":{\"@id\":\"https:\/\/www.armazemdaspalavras.com.br\/#organization\"},\"potentialAction\":[{\"@type\":\"SearchAction\",\"target\":{\"@type\":\"EntryPoint\",\"urlTemplate\":\"https:\/\/www.armazemdaspalavras.com.br\/?s={search_term_string}\"},\"query-input\":\"required name=search_term_string\"}],\"inLanguage\":\"pt-BR\"},{\"@type\":\"Organization\",\"@id\":\"https:\/\/www.armazemdaspalavras.com.br\/#organization\",\"name\":\"Armaz\u00e9m das Palavras - Revis\u00e3o e Edi\u00e7\u00e3o de Texto\",\"url\":\"https:\/\/www.armazemdaspalavras.com.br\/\",\"logo\":{\"@type\":\"ImageObject\",\"inLanguage\":\"pt-BR\",\"@id\":\"https:\/\/www.armazemdaspalavras.com.br\/#\/schema\/logo\/image\/\",\"url\":\"https:\/\/www.armazemdaspalavras.com.br\/wp-content\/uploads\/2019\/12\/favicon.ico\",\"contentUrl\":\"https:\/\/www.armazemdaspalavras.com.br\/wp-content\/uploads\/2019\/12\/favicon.ico\",\"width\":69,\"height\":69,\"caption\":\"Armaz\u00e9m das Palavras - Revis\u00e3o e Edi\u00e7\u00e3o de Texto\"},\"image\":{\"@id\":\"https:\/\/www.armazemdaspalavras.com.br\/#\/schema\/logo\/image\/\"}}]}<\/script>\n<!-- \/ Yoast SEO plugin. -->","yoast_head_json":{"title":"Revis\u00e3o de Texto - Armaz\u00e9m das Palavras","robots":{"index":"index","follow":"follow","max-snippet":"max-snippet:-1","max-image-preview":"max-image-preview:large","max-video-preview":"max-video-preview:-1"},"canonical":"https:\/\/www.armazemdaspalavras.com.br\/index.php\/fale-conosco\/revisaotexto\/","og_locale":"pt_BR","og_type":"article","og_title":"Revis\u00e3o de Texto - Armaz\u00e9m das Palavras","og_description":"Voc\u00ea \u00e9 especialista no assunto. N\u00f3s, especialistas em palavras! O que \u00e9? A revis\u00e3o de texto consiste em uma an\u00e1lise minuciosa do conte\u00fado (que pode ser livro ou trabalho acad\u00eamico, como TCC, tese, artigo etc.) que tem por objetivo a corre\u00e7\u00e3o ortogr\u00e1fica e gramatical, analisando poss\u00edveis problemas de coer\u00eancia e coes\u00e3o, que eventualmente n\u00e3o foram&hellip; Leia mais","og_url":"https:\/\/www.armazemdaspalavras.com.br\/index.php\/fale-conosco\/revisaotexto\/","og_site_name":"Armaz\u00e9m das Palavras","article_modified_time":"2025-03-30T18:44:56+00:00","twitter_card":"summary_large_image","twitter_misc":{"Est. tempo de leitura":"3 minutos"},"schema":{"@context":"https:\/\/schema.org","@graph":[{"@type":"WebPage","@id":"https:\/\/www.armazemdaspalavras.com.br\/index.php\/fale-conosco\/revisaotexto\/","url":"https:\/\/www.armazemdaspalavras.com.br\/index.php\/fale-conosco\/revisaotexto\/","name":"Revis\u00e3o de Texto - Armaz\u00e9m das Palavras","isPartOf":{"@id":"https:\/\/www.armazemdaspalavras.com.br\/#website"},"datePublished":"2019-10-24T23:02:38+00:00","dateModified":"2025-03-30T18:44:56+00:00","breadcrumb":{"@id":"https:\/\/www.armazemdaspalavras.com.br\/index.php\/fale-conosco\/revisaotexto\/#breadcrumb"},"inLanguage":"pt-BR","potentialAction":[{"@type":"ReadAction","target":["https:\/\/www.armazemdaspalavras.com.br\/index.php\/fale-conosco\/revisaotexto\/"]}]},{"@type":"BreadcrumbList","@id":"https:\/\/www.armazemdaspalavras.com.br\/index.php\/fale-conosco\/revisaotexto\/#breadcrumb","itemListElement":[{"@type":"ListItem","position":1,"name":"In\u00edcio","item":"https:\/\/www.armazemdaspalavras.com.br\/"},{"@type":"ListItem","position":2,"name":"Fale conosco","item":"https:\/\/www.armazemdaspalavras.com.br\/index.php\/fale-conosco\/"},{"@type":"ListItem","position":3,"name":"Revis\u00e3o de Texto"}]},{"@type":"WebSite","@id":"https:\/\/www.armazemdaspalavras.com.br\/#website","url":"https:\/\/www.armazemdaspalavras.com.br\/","name":"Revis\u00e3o de textos - Armaz\u00e9m das Palavras","description":"Revis\u00e3o e edi\u00e7\u00e3o de textos","publisher":{"@id":"https:\/\/www.armazemdaspalavras.com.br\/#organization"},"potentialAction":[{"@type":"SearchAction","target":{"@type":"EntryPoint","urlTemplate":"https:\/\/www.armazemdaspalavras.com.br\/?s={search_term_string}"},"query-input":"required name=search_term_string"}],"inLanguage":"pt-BR"},{"@type":"Organization","@id":"https:\/\/www.armazemdaspalavras.com.br\/#organization","name":"Armaz\u00e9m das Palavras - Revis\u00e3o e Edi\u00e7\u00e3o de Texto","url":"https:\/\/www.armazemdaspalavras.com.br\/","logo":{"@type":"ImageObject","inLanguage":"pt-BR","@id":"https:\/\/www.armazemdaspalavras.com.br\/#\/schema\/logo\/image\/","url":"https:\/\/www.armazemdaspalavras.com.br\/wp-content\/uploads\/2019\/12\/favicon.ico","contentUrl":"https:\/\/www.armazemdaspalavras.com.br\/wp-content\/uploads\/2019\/12\/favicon.ico","width":69,"height":69,"caption":"Armaz\u00e9m das Palavras - Revis\u00e3o e Edi\u00e7\u00e3o de Texto"},"image":{"@id":"https:\/\/www.armazemdaspalavras.com.br\/#\/schema\/logo\/image\/"}}]}},"_links":{"self":[{"href":"https:\/\/www.armazemdaspalavras.com.br\/index.php\/wp-json\/wp\/v2\/pages\/2"}],"collection":[{"href":"https:\/\/www.armazemdaspalavras.com.br\/index.php\/wp-json\/wp\/v2\/pages"}],"about":[{"href":"https:\/\/www.armazemdaspalavras.com.br\/index.php\/wp-json\/wp\/v2\/types\/page"}],"author":[{"embeddable":true,"href":"https:\/\/www.armazemdaspalavras.com.br\/index.php\/wp-json\/wp\/v2\/users\/1"}],"replies":[{"embeddable":true,"href":"https:\/\/www.armazemdaspalavras.com.br\/index.php\/wp-json\/wp\/v2\/comments?post=2"}],"version-history":[{"count":41,"href":"https:\/\/www.armazemdaspalavras.com.br\/index.php\/wp-json\/wp\/v2\/pages\/2\/revisions"}],"predecessor-version":[{"id":290,"href":"https:\/\/www.armazemdaspalavras.com.br\/index.php\/wp-json\/wp\/v2\/pages\/2\/revisions\/290"}],"up":[{"embeddable":true,"href":"https:\/\/www.armazemdaspalavras.com.br\/index.php\/wp-json\/wp\/v2\/pages\/257"}],"wp:attachment":[{"href":"https:\/\/www.armazemdaspalavras.com.br\/index.php\/wp-json\/wp\/v2\/media?parent=2"}],"curies":[{"name":"wp","href":"https:\/\/api.w.org\/{rel}","templated":true}]}}